3 + -38. Let g = -25 + v. Suppose -w + 5*w = 116. Calculate the remainder when w is divided by g.
9
Let r be 2/6 + 852/9. Let l be (-1)/(-5) + r/25. Suppose -l*g + 8 = 2*j, -5*j + 5*g + 6 = g. What is the remainder when 5 is divided by j?
1
Let a(v) = -4*v + 2. Let f(m) = 8*m - 3. Let b(j) = -5*a(j) - 3*f(j). Calculate the remainder when 25 is divided by b(-2).
4
What is the remainder when 73 is divided by -3 + (-24)/(-4) - -16?
16
Suppose -3*u + 30 = -3*s, -s - 4*u = -5 - 5. Calculate the remainder when 89 is divided by 28 - (s - -4)*1.
29
Let p(t) = -t**2 + t - 42. Let h(k) = -6*k**2 - k + 83 + 8*k**2 - k. Let m(d) = 4*h(d) + 7*p(d). Calculate the remainder when m(0) is divided by 20.
18
Suppose 155 = 5*r + 6*s - s, -4*r + 5*s = -160. Calculate the remainder when r is divided by 20.
15
Let v = 3 + -1. Let n(i) = -i**3 + i**2 + 3*i - 1. Calculate the remainder when v is divided by n(2).
0
Let i(b) = -b**2 + 6*b - 1. Let d be i(6). What is the remainder when ((-39)/(-5))/(d/(-5)) is divided by (-3)/(-6) - (-39)/2?
19
Suppose 5*i - 51 = -3*u, i - 6*i - 85 = -5*u. Calculate the remainder when 78 is divided by u.
10
Suppose -2*y + 38 = 3*f - f, -f + 20 = 2*y. What is the remainder when 0 - (-54 + 6 + -4) is divided by f?
16
Let f(k) = k**2 + 7*k + 9. Calculate the remainder when f(8) is divided by 12.
9
Let f = 16 + 21. Calculate the remainder when f is divided by 14.
9
Let h(g) = g**3 + 6*g**2 + 4*g + 5. Let l be h(-5). Suppose -3*f - 5 - l = 0. Let m(z) = -5*z - 2. What is the remainder when 45 is divided by m(f)?
22
Let u(x) = -x + 5. Let o be u(4). Calculate the remainder when (-1*o)/(6/(-24)) is divided by (-16)/(-7) - (-4)/(-14).
0
Let y(z) = -16*z**2 + 3*z - 3. Let t be y(2). Let n = -70 + 174. Let x = n + t. Calculate the remainder when x is divided by 11.
10
Let a(r) = -r. Let f(s) = s**3 + 5*s**2 + 2*s + 2. Let l(b) = -2*a(b) + f(b). What is the remainder when 2/14 + 34/7 is divided by l(-4)?
1
Suppose 0 = -v - 5*q, 0*q - 19 = 4*v + q. Let w = v - -7. Suppose w*x + 0 = 8. What is the remainder when 7 is divided by x?
3
Let p(h) = 3*h - 1. Let m be p(1). Suppose 0*b + 2*b = 5*f, m*b - 3*f - 8 = 0. Suppose 0*a - 3*a + 57 = 0. Calculate the remainder when a is divided by b.
9
Let h = -2 + 8. What is the remainder when 9 is divided by h?
3
Suppose -3*u + 4 - 10 = 3*h, 0 = 4*u - 5*h - 10. Suppose s + s - 140 = u. Let o = -46 + s. Calculate the remainder when o is divided by 13.
11
Suppose -5*l - 5*t = 0, 0 = 5*t + 9 + 6. Suppose 11 - 32 = -l*r. Calculate the remainder when 20 is divided by r.
6
Let p = -5 - -6. Let c(u) = 2*u**2 + 1. Calculate the remainder when 4 is divided by c(p).
1
Let k = -329 + 504. Calculate the remainder when k is divided by 44.
43
Let y(d) = -d**3 + 5*d**2 - 11. Suppose -u + 0 = -7. What is the remainder when u is divided by y(4)?
2
Let g(s) = s**2 + 4*s + 14. Let y(j) = -j + 1. Let x(w) = -g(w) + 6*y(w). What is the remainder when x(-9) is divided by 1?
0
Let f(j) = -j**2 + 9*j + 3. Calculate the remainder when 43 is divided by f(8).
10
Suppose -5*p + 13 = -67. Suppose p = 3*i - 17. Calculate the remainder when 2/9*-15*-6 is divided by i.
9
Suppose -2*j - 14 = -v + 28, 5*v + 3*j = 210. Calculate the remainder when v is divided by 23.
19
Let t be 4/(-10) - (-85)/25. Let y be 3*2/(-4)*-2. Let u = t + y. What is the remainder when 16 is divided by u?
4
Suppose 4*z = -b + 19, -4*z - 2 = -2*b - 3*z. Suppose 3*m + b*t = -45, -4*m - 4*t = -m + 44. Let f = m - -27. Calculate the remainder when 20 is divided by f.
9
Let v(b) = b**3 + 13*b**2 + 8*b - 20. What is the remainder when 52 is divided by v(-12)?
24
Suppose 31 - 16 = 3*a. Suppose -a*r = -98 - 17. What is the remainder when 66 is divided by r?
20
Let c = 30 + -12. Let t = c - 12. What is the remainder when 22 is divided by t?
4
Let t = 192 - 117. Calculate the remainder when t is divided by 19.
18
Let v = -65 + 124. Calculate the remainder when v is divided by 22.
15
Let w(j) be the second derivative of 5*j**3/6 + 3*j**2 - 4*j. Calculate the remainder when w(12) is divided by 23.
20
Suppose 4*b - 8 + 29 = 5*j, -25 = -5*j. Let o(p) = -p**3 - p**2 - b - 5*p**3 + p + 2. What is the remainder when o(-1) is divided by 2?
1
Suppose 5*r - 6 = 2*s, s - 5*r = -6 - 2. Let p = 11 + -8. Calculate the remainder when s is divided by p/12 - (-6)/8.
0
Let u = 87 + -48. Calculate the remainder when 151 is divided by u.
34
Let x be (20 - -1)*1/3. Suppose -2*a + x*a = 15. Suppose -a*u - 2*m + 28 = 0, -u + 5*m - 25 + 57 = 0. What is the remainder when 21 is divided by u?
9
Let r(d) = 31*d + 5. Let o = 7 + -5. What is the remainder when r(o) is divided by 34?
33
Let f(n) = -6*n + 10. What is the remainder when f(-5) is divided by 14?
12
Let y(g) = g**2 - 13*g + 42. Calculate the remainder when 32 is divided by y(10).
8
Let n = -33 + 46. Calculate the remainder when 36 is divided by n.
10
Let j = -28 + 56. Suppose 45 = 5*a + c, -4*a = 3*c + c - 20. Calculate the remainder when j is divided by a.
8
Let v = 21 + -16. What is the remainder when 12 is divided by v?
2
Suppose 2*h = 5*h. Suppose h*p + 4*p - 96 = 0. Suppose 0 = 3*u + 2*o + 2*o - 27, u - o - 9 = 0. What is the remainder when p is divided by u?
6
What is the remainder when (0 - -5) + (-6)/6 is divided by 4?
0
Let l = 1 - -3. Let s(u) = -u + 9. Let w be s(l). Suppose -w*f = -18 - 27. What is the remainder when 24 is divided by f?
6
Calculate the remainder when ((-15906)/(-45))/11 + (-2)/15 is divided by 18.
14
Let n(f) be the third derivative of -3*f**4/8 - f**3/3 + 2*f**2. Calculate the remainder when n(-2) is divided by 6.
4
Let v(g) = -g - 7. Let w(b) = -10*b**2 + 1. Let z be w(-1). Let n be v(z). Let q = 10 - n. Calculate the remainder when 21 is divided by q.
5
Suppose t - 2*k = -2, -k - 1 - 7 = -2*t. What is the remainder when t is divided by 3?
0
Let v be 3/6*(34 - -2). Suppose m + v = 2*m. What is the remainder when 52 is divided by m?
16
What is the remainder when 101 is divided by (-10885)/(-210) + (-1 + 3)/12?
49
Suppose -2*p + 54 = 18. Suppose 0 = v + z - 6, v + p = 5*v + z. Suppose v*t - 12 = 28. Calculate the remainder when t is divided by 4.
2
Suppose -3*m = -3*w + 48, -w - 2*m = -0*m - 7. Let i(a) = 0 + 5 + 5*a - 3*a - 4. Calculate the remainder when w is divided by i(3).
6
Let y = 50 + 23. Let l = -24 + 42. Calculate the remainder when y is divided by l - (-1 + -1 - -1).
16
Let v(f) = 4*f**2 + 2*f + 1. Let c be v(-4). Let m = -19 + 27. Suppose 5*x - 4*p - 56 = -m, -p = -5*x + c. What is the remainder when 23 is divided by x?
11
Suppose 65 - 295 = -5*n. What is the remainder when n is divided by ((-2)/(-3))/((-2)/(-36))?
10
Let o(y) = -y**3 - 5*y**2 - 2*y + 1. Let k(d) = -d**2 + d + 1. Let q be k(3). Calculate the remainder when (129/(-12))/(2/(-8)) is divided by o(q).
10
Let j(d) = -12*d**3 - d**2 + d + 1. Let u be j(-1). Let i = 16 - u. What is the remainder when 8 is divided by i?
3
Let p(o) = -6*o - 35. What is the remainder when 64 is divided by p(-8)?
12
Let m(o) = -4*o + 7. Calculate the remainder when 53 is divided by m(-3).
15
Suppose 5*i = 3*p - 15 - 28, 0 = -5*p + 3*i + 77. Suppose 4*n - 4 = p. What is the remainder when n is divided by 3?
2
Suppose -3*d + 3*p + 0*p = -99, d = 3*p + 33. What is the remainder when d is divided by 9?
6
Let x = 17 + -21. Calculate the remainder when 17 is divided by (-6)/x*(-48)/(-18).
1
Calculate the remainder when (-1581)/(-15) + (-2)/5 is divided by 18.
15
Suppose 3*s = g - 13, 0*g - 2 = -2*g - 2*s. Suppose 17 = 3*w + 4*l, g*w + 7*l - 25 = 4*l. What is the remainder when w is divided by 4?
3
Let d = -6 + 13. Let g(z) = z**3 + 7*z**2 - 2*z - 10. Let p be g(-7). Let c(n) = -n**3 + 6*n**2 - 4*n - 3. What is the remainder when c(p) is divided by d?
6
Let c(j) = -j + 48. Let b be c(0). Suppose 0 = -4*u - 4*k + b, 3*k + 75 = 4*u - 2*k. Calculate the remainder when 10 is divided by ((-6)/(-5))/3*u.
4
Let f(v) = -2*v**2 + 2*v - 1. Let y be f(2). Calculate the remainder when ((-70)/y)/((-1)/(-2)) is divided by 10.
8
Let v(g) = 15*g**2 + 3*g + 3. Let j = 14 + 1. Calculate the remainder when v(-2) is divided by j.
12
Let b(v) = -3*v + 3. Let h be b(-7). Let p = 40 - h. Calculate the remainder when p is divided by 6.
4
Suppose n = d + 8, d + 3 = 2*d. Calculate the remainder when